44 = 4*c, 6*c + 8 = 4*d + c. Let o be a(d). What is the units digit of ((-9)/6)/(o/(-190))?
7
Suppose -2*x + 202 = 16. What is the tens digit of x?
9
Let j be 825/(-10) + 2*3/12. Let k = 291 + j. What is the tens digit of k?
0
Let i = -1954 + 3098. What is the thousands digit of i?
1
What is the hundreds digit of 18/(-2 + (-23)/(-11))?
1
Suppose 0 = -4*x - 20, 47*q - 1373 = 45*q + x. What is the units digit of q?
4
Let j(w) be the first derivative of -w**4/4 - w**3/3 - 2*w**2 + 21*w + 14. What is the tens digit of j(0)?
2
Suppose -2*i - r = -65, i + 5*r - 18 = 19. Let c = -346 + 377. Let t = i - c. What is the units digit of t?
1
Let u(p) = 2*p**3 - 17*p**2 - 7*p + 4. Suppose 4*l - 45 = -l. What is the units digit of u(l)?
2
Let n(b) be the first derivative of -b**2/2 + 8*b + 10. Let a be n(-5). Suppose -a = 4*z - 45. What is the units digit of z?
8
Suppose 3*a + 15 = 6*a. Suppose 4*d - 5*d + 367 = 3*h, -645 = -5*h + a*d. What is the tens digit of h?
2
Suppose 6*u - 3948 - 7728 = 0. What is the hundreds digit of u?
9
Let x = 1149 - 733. What is the tens digit of x?
1
Let r = 9 + -9. Suppose 3*l - 97 + 25 = r. Let n = l + -18. What is the units digit of n?
6
Let q(g) = 88*g + 21. Let i be q(9). Suppose -13*r + 370 = -i. What is the units digit of r?
1
What is the thousands digit of (-171)/(-3)*(-7 - (-1672)/24)?
3
Suppose -v = 3*p - 5, -p - 4*v = -3*v - 1. Let b(c) = -5*c**2 + 6*c**p - 5 - 6*c + c**3 + 2*c**2. What is the units digit of b(-4)?
3
Suppose -4*p = p - 15. Suppose 0*s + s - p = 0. Suppose s*l - 80 = 5*n, 3*n + 21 = 2*l - 31. What is the units digit of l?
0
Let b = 19 - 13. What is the tens digit of (-2)/b + (-200)/(-6)?
3
Suppose 0 = -23*q + 2605 + 4663. What is the tens digit of q?
1
Let v = 42 + -36. Suppose -6*h = -11*h. Suppose h = -u + 39 + v. What is the tens digit of u?
4
Suppose -5*g + 24 = -2*g. Suppose -3*l + 4*l = -g. What is the units digit of (-62)/l + (-2)/(-8)?
8
Let o(c) = 199*c + 47. What is the tens digit of o(1)?
4
Let f(y) = -11*y - 13*y - 138*y**3 + 25*y - 1 + 2*y**2 + 0*y**2. What is the hundreds digit of f(-1)?
1
Suppose 88 = -5*w + 513. Suppose -2*c - 215 = -5*h, 4*h - w = 2*h + c. Suppose 0 = -2*j + 7*j, -5*x + j = -h. What is the units digit of x?
9
Suppose 8*p - 165 - 211 = 0. What is the units digit of (-3)/(189/14) + p/9?
5
Let g be (-4 + 26)*55/10. Let x = 251 - g. What is the units digit of x?
0
Suppose 4*v = 8 - 0. Suppose v*b - 108 = 4. What is the units digit of b?
6
Suppose 3*l = -2*v + 7, 0*v = 2*v - 5*l + 33. Let o = -2 - v. Suppose 2*h = -5*m + 25, -5*m + o*m - 140 = -5*h. What is the units digit of h?
5
Let l = 1 + 0. Let s be (l + -1 - -1)*-23. Let v = 44 + s. What is the units digit of v?
1
Suppose f - 3 = 2. Suppose 10 = f*j - 3*j. Suppose 0 = 4*h + k - 11 - 3, -h + 13 = j*k. What is the units digit of h?
3
Suppose -3*f + 234 = 117. What is the tens digit of f?
3
Let k be ((40/6)/(-10))/((-4)/(-30)). Let i(c) = 3*c - 1. Let f be i(-1). What is the units digit of f/k + 4/20?
1
Let v = 24 + -42. Suppose -6*m + 4*m + 48 = 0. Let a = v + m. What is the units digit of a?
6
Suppose -50 = -3*j + 43. Suppose 0 = 4*f + 115 - 35. Let k = j + f. What is the tens digit of k?
1
Let w(k) = 7*k**2 + 4*k + 5. Let n be w(-7). Let b = -209 + n. What is the hundreds digit of b?
1
Let p(i) = i**2 - i - 9. Suppose 2*h + 4*j = 3*j + 1, 2*h - 2*j = 10. Suppose 3*b - 2*b = 4*q + 15, 2*q + 18 = h*b. What is the units digit of p(b)?
3
Let l be (30/(-8))/((-24)/32). Suppose l*q = 4*q. Suppose q*j - 3*j = 4*f, -j - 5*f = 11. What is the units digit of j?
4
What is the tens digit of 10473/7 + 30/(-210)?
9
Let o(l) = 165*l**3 + 2*l**2 - 2*l + 1. Let k be o(1). Suppose 5*b + v = b + 702, -k = -b - 5*v. Suppose 5*x + 1 = b. What is the tens digit of x?
3
Let v(f) = -f - 5. Let z be v(-7). Suppose 89 = d - z*q, 2*d - 146 = -0*q - 4*q. What is the units digit of d?
1
What is the units digit of 3/(1*12/3524)?
1
Suppose -2*i + 120 = 2*c - 0*i, 110 = 2*c + 4*i. Let r = 105 - c. Suppose -20 = -3*s + r. What is the tens digit of s?
2
Let a = -24 - -8. Let c = a + 28. Let g(u) = u**2 - 9*u - 9. What is the units digit of g(c)?
7
Suppose 4*z = -c + 73, -5*z - 7 = 5*c - 117. Let a = -14 + z. Suppose 0 = 4*f - 3*f - 2, -a*u + 53 = f. What is the units digit of u?
7
Let b(j) = j**3 + 14*j**2 + 10*j + 15. Let o be b(-13). Let c = o - 42. What is the units digit of c?
2
Suppose 0*d + 5*d = -55. Let a be 0 + 1 - (-4 - d). What is the units digit of ((-40)/(-16))/((-1)/a)?
5
Let j = 1810 + 3348. What is the thousands digit of j?
5
Let l(r) = -r**3 + 11*r**2 - 8*r - 10. Let i be l(10). Suppose -i = -4*x - x. Suppose x*o + 3*o = 140. What is the tens digit of o?
2
Let l = 107 + -55. Suppose -2*c + 3*c = l. What is the units digit of c?
2
Suppose -4*h + 20 = 0, -29*h + 34*h - 12470 = -5*b. What is the units digit of b?
9
Let k(a) = -7*a**2. Let s be k(3). What is the hundreds digit of (0 - 2*s) + 4/1?
1
Let p(q) = 3*q + 20. Suppose 85 = 10*z - 5*z. What is the tens digit of p(z)?
7
Suppose -6*d + 6809 + 3301 = 0. What is the thousands digit of d?
1
Let w = -40 - -12. Let v = w + 100. What is the units digit of v?
2
Let l be -1 + 1 - 57/(-9)*-57. What is the hundreds digit of (-10)/30*((0 - 2) + l)?
1
Let r(o) = o**2 - 3*o + 3. Let k be r(8). Let i be 3 - (-2 + 2)/(-1). Suppose 3*y = 2*c - k, -i*c - 3*y + 5*y = -77. What is the units digit of c?
9
Let l = 445 + -195. What is the units digit of l?
0
Suppose 97 = m - 166. What is the hundreds digit of m?
2
Let j = -37 + 34. Let a(i) = -i**3 + i**2 - 3*i - 6. What is the units digit of a(j)?
9
Suppose 0 = 3*a - 8*a - 4045. Let v = a + 429. What is the tens digit of v/(-15) + 1/(-3)?
2
Suppose 3*c + 20 = -c. Let u be -4*(c + 0 - 0). Suppose -6*n = -n - u. What is the units digit of n?
4
Let z(l) = -l**3 + 13*l**2 - 11*l - 5. Let j(a) = -1. Let n(s) = -j(s) + z(s). Let i be -18*(8/(-3) + 2). What is the units digit of n(i)?
8
Let c be (-66)/(4 + 15/(-6)). Let d = 72 + c. Let t = 72 - d. What is the tens digit of t?
4
Let x be (-34)/(-4) + (-48)/(-32). Suppose 0 = -q - q + x. Let g(r) = r**3 - 2*r**2 - 4*r - 12. What is the tens digit of g(q)?
4
Let a be 59 + 0 + 10 + -12. Let q = -14 + a. What is the tens digit of q?
4
Let x(l) = 24*l - 5. Let w be x(2). Suppose -w + 152 = 2*n - 3*h, -3*n = 5*h - 135. What is the tens digit of n?
5
Suppose 4*l = -22 + 154. Let j be 11/l - (-10)/(-3). What is the units digit of (-8 + 3)*-3 - j?
8
What is the thousands digit of 356/(-3)*(-10152)/288?
4
Suppose 21*v = 40*v - 817. What is the tens digit of v?
4
Let b(r) = -3*r - 17. Let k be (-408)/(-20) - (-2)/(-5). Let i be (-2)/(1 - k/24). What is the tens digit of b(i)?
1
Let k = -9 - -6. What is the tens digit of 1/1 - 303/k?
0
Let x(h) = -31*h**2 + 5*h - 3. Let a be x(2). Let z = a + 204. What is the units digit of z?
7
Suppose 4*u + 8 = -20. Let j(z) = -z**3 - 4*z**2 + 8*z - 3. Let t be j(2). Let r = u - t. What is the units digit of r?
4
Let h be 12550/(-70) + (-2)/(-7). Let t = 266 + h. What is the tens digit of t?
8
Suppose 3*q = w - 50, 0 = -3*q - 1 + 13. Suppose w = -30*z + 32*z. What is the tens digit of z?
3
Let v(g) = -48*g - 3. Let q be v(-1). Suppose h - 8 = q. What is the units digit of h?
3
Let w(c) = c + 9. Let r be w(-7). Suppose -r*h + 45 + 39 = 0. What is the tens digit of h?
4
Let f(d) = 3*d. Let x be f(2). What is the units digit of (x - 0)*((-15)/(-6) - 2)?
3
Let s(f) = f**3 + 6*f**2 - 3*f - 16. Let o be s(-6). Suppose 5*g - 322 - 96 = -o*u, -5*u + 1045 = -5*g. What is the tens digit of u?
0
Suppose -h = 49 - 9. Let b be (-10)/6*(h - -4). Suppose -b = -2*w - 3*d, -d + 120 = 4*w + 3*d. What is the tens digit of w?
3
Let b(v) = -v**3 - 8*v**2 - 8*v + 3. Let d be b(-7). Let h(j) = 3*j**2 - 22*j - 14. What is the tens digit of h(d)?
6
Suppose -5*t = -t - 5*d - 2214, -3*t = 4*d - 1676. Suppose -5*f = -4*g - 538, -5*f - 2*g = -0*f - t. What is the hundreds digit of f?
1
Let j = -34 - -54. Suppose 3*r = -r - g + j, -5*r = g - 25. What is the units digit of ((-2)/(-6))/(r/45)?
3
Let y(u) = 17*u**2 + 10*u - 2. Let z be y(-5). Suppose 5*f - 1208 + z = 0. What is the hundreds digit of f?
1
Let c(f) = -f**2 + 8*f - 3. Let h be c(6). Let l be 2/(6/h) - -20. Suppose i - 3*j - 26 = 0, 3*i + 3*j - l = 3